ue
Is 7059 a multiple of 188?
False
Is 61 a multiple of 4?
False
Is 14 a factor of 290?
False
Is 26 a factor of 4089?
False
Is 4 a factor of 213?
False
Is 5721 a multiple of 17?
False
Is 62555 a multiple of 37?
False
Does 5 divide 155?
True
Is 178 a multiple of 23?
False
Is 2510 a multiple of 10?
True
Is 5 a factor of 3064?
False
Is 26 a factor of 312?
True
Is 5 a factor of 3499?
False
Does 6 divide 8877?
False
Is 37413 a multiple of 9?
True
Does 8 divide 13112?
True
Is 56856 a multiple of 309?
True
Does 19 divide 2166?
True
Is 28 a factor of 5400?
False
Does 16 divide 1500?
False
Is 97 a factor of 98857?
False
Is 41620 a multiple of 109?
False
Does 6 divide 8026?
False
Does 39 divide 3861?
True
Is 454 a multiple of 92?
False
Is 30441 a multiple of 219?
True
Is 472 a multiple of 59?
True
Is 97 a multiple of 21?
False
Is 16518 a multiple of 313?
False
Is 7 a factor of 5082?
True
Does 27 divide 2997?
True
Is 54 a factor of 270?
True
Does 21 divide 1134?
True
Does 45 divide 11250?
True
Is 60 a factor of 23597?
False
Is 861 a multiple of 42?
False
Is 56 a factor of 2408?
True
Does 116 divide 3016?
True
Is 19 a factor of 14405?
False
Does 26 divide 2346?
False
Is 8496 a multiple of 177?
True
Does 2 divide 76?
True
Is 475 a multiple of 8?
False
Is 1656 a multiple of 23?
True
Is 2646 a multiple of 9?
True
Is 2049 a multiple of 30?
False
Is 629 a multiple of 9?
False
Is 136 a multiple of 8?
True
Is 19 a factor of 95?
True
Does 60 divide 5280?
True
Does 82 divide 5620?
False
Is 438 a multiple of 6?
True
Is 31311 a multiple of 63?
True
Is 6 a factor of 101?
False
Does 130 divide 4232?
False
Is 14 a factor of 1219?
False
Is 10 a factor of 15019?
False
Is 12693 a multiple of 29?
False
Is 7 a factor of 247?
False
Is 15149 a multiple of 94?
False
Does 7 divide 455?
True
Is 230 a factor of 23801?
False
Does 22 divide 748?
True
Is 2128 a multiple of 19?
True
Does 24 divide 216?
True
Is 363 a multiple of 11?
True
Does 52 divide 4578?
False
Is 306 a multiple of 17?
True
Is 768 a multiple of 48?
True
Is 3 a factor of 7936?
False
Is 3511 a multiple of 17?
False
Does 83 divide 5312?
True
Does 65 divide 6110?
True
Does 38 divide 23004?
False
Does 114 divide 3534?
True
Is 17 a factor of 918?
True
Is 35680 a multiple of 22?
False
Is 21 a factor of 32529?
True
Is 7172 a multiple of 44?
True
Is 4551 a multiple of 144?
False
Is 78240 a multiple of 80?
True
Is 23 a factor of 2412?
False
Is 12512 a multiple of 92?
True
Is 6 a factor of 486?
True
Is 403 a multiple of 5?
False
Is 11200 a multiple of 14?
True
Is 56 a factor of 2352?
True
Is 16 a factor of 60?
False
Is 15 a factor of 3795?
True
Is 14 a factor of 57?
False
Does 12 divide 2940?
True
Does 330 divide 61352?
False
Does 139 divide 7645?
True
Is 796 a multiple of 17?
False
Is 714 a multiple of 62?
False
Is 51606 a multiple of 61?
True
Is 9113 a multiple of 26?
False
Does 17 divide 816?
True
Is 7 a factor of 650?
False
Is 6 a factor of 176?
False
Is 17 a factor of 1310?
False
Does 21 divide 1428?
True
Is 17 a factor of 628?
False
Is 30 a factor of 13480?
False
Does 32 divide 11295?
False
Does 5 divide 4689?
False
Does 99 divide 46530?
True
Does 85 divide 1673?
False
Does 133 divide 1463?
True
Is 104 a factor of 520?
True
Does 64 divide 2004?
False
Does 4 divide 360?
True
Does 16 divide 274?
False
Is 28 a factor of 868?
True
Is 5786 a multiple of 15?
False
Is 8 a multiple of 8?
True
Does 14 divide 963?
False
Is 56 a multiple of 19?
False
Does 3 divide 4602?
True
Is 11 a factor of 143?
True
Does 59 divide 7148?
False
Is 16 a factor of 742?
False
Is 4346 a multiple of 44?
False
Does 37 divide 336?
False
Does 7 divide 6132?
True
Is 888 a multiple of 37?
True
Is 235 a factor of 27223?
False
Is 6 a factor of 5832?
True
Is 55 a factor of 1995?
False
Is 126 a multiple of 21?
True
Does 42 divide 307?
False
Does 12 divide 487?
False
Is 1460 a multiple of 30?
False
Is 18 a factor of 16016?
False
Is 42 a factor of 49014?
True
Is 35 a factor of 546?
False
Is 2 a factor of 45?
False
Does 49 divide 36358?
True
Is 8 a factor of 9156?
False
Is 4 a factor of 571?
False
Is 9678 a multiple of 13?
False
Is 301 a multiple of 7?
True
Does 59 divide 97967?
False
Does 3 divide 5604?
True
Is 16 a factor of 29776?
True
Is 19 a factor of 6789?
False
Does 8 divide 3337?
False
Is 59 a factor of 8108?
False
Is 97 a multiple of 15?
False
Is 103410 a multiple of 18?
True
Is 72 a factor of 1342?
False
Is 95 a factor of 81979?
False
Is 13 a factor of 142?
False
Is 4 a factor of 218?
False
Does 54 divide 25216?
False
Does 9 divide 1766?
False
Is 106700 a multiple of 97?
True
Is 7360 a multiple of 46?
True
Does 20 divide 5780?
True
Does 18 divide 6462?
True
Does 56 divide 3192?
True
Is 6772 a multiple of 9?
False
Is 78 a factor of 18134?
False
Does 18 divide 29320?
False
Is 18 a factor of 51001?
False
Is 19 a factor of 19?
True
Is 3 a factor of 121?
False
Is 15792 a multiple of 84?
True
Is 37300 a multiple of 25?
True
Is 7830 a multiple of 58?
True
Does 221 divide 149463?
False
Is 1874 a multiple of 10?
False
Is 91 a factor of 1691?
False
Is 125 a factor of 625?
True
Does 16 divide 448?
True
Is 5 a factor of 230?
True
Is 534 a multiple of 71?
False
Is 62580 a multiple of 298?
True
Is 33682 a multiple of 12?
False
Does 16 divide 57744?
True
Is 66 a factor of 1716?
True
Does 47 divide 1674?
False
Is 23 a factor of 10559?
False
Does 19 divide 1007?
True
Is 72 a factor of 1936?
False
Is 13690 a multiple of 185?
True
Does 35 divide 3385?
False
Is 71107 a multiple of 49?
False
Does 117 divide 3168?
False
Does 24 divide 11352?
True
Is 1260 a multiple of 35?
True
Is 627 a multiple of 20?
False
Does 5 divide 15922?
False
Does 3 divide 23?
False
Is 12 a factor of 545?
False
Is 6602 a multiple of 90?
False
Is 16866 a multiple of 18?
True
Does 4 divide 20?
True
Is 6270 a multiple of 165?
True
Is 24024 a multiple of 66?
True
Is 10348 a multiple of 52?
True
Is 29 a factor of 9454?
True
Does 19 divide 855?
True
Is 34 a factor of 43922?
False
Does 74 divide 15392?
True
Is 4526 a multiple of 16?
False
Is 31 a factor of 14260?
True
Does 20 divide 3040?
True
Is 9 a factor of 559?
False
Is 27 a factor of 1890?
True
Is 1555 a multiple of 34?
False
Is 23 a factor of 1455?
False
Is 11 a factor of 31588?
False
Is 736 a multiple of 16?
True
Is 1800 a multiple of 75?
True
Is 3008 a multiple of 14?
False
Is 1056 a multiple of 12?
True
Does 14 divide 3416?
True
Is 5825 a multiple of 29?
False
Is 2989 a multiple of 13?
False
Is 46 a factor of 33733?
False
Is 1872 a multiple of 36?
True
Does 36 divide 481?
False
Is 431 a multiple of 23?
False
Is 61 a factor of 19680?
False
Is 141 a factor of 1489?
False
Does 64 divide 668?
False
Is 7 a factor of 6249?
False
Is 261 a multiple of 19?
False
Is 16 a factor of 4533?
False
Does 2 divide 3692?
True
Is 13 a factor of 1144?
True
Does 68 divide 680?
True
Does 7 divide 1320?
False
Is 65 a factor of 1254?
False
Is 117 a factor of 819?
True
Does 44 divide 21084?
False
Is 3201 a multiple of 11?
True
Does 16 divide 560?
True
Is 310 a multiple of 5?
True
Does 128 divide 640?
True
Is 88 a factor of 620?
False
Is 53059 a multiple of 97?
True
Is 12 a factor of 3193?
False
Is 3 a factor of 1359?
True
Is 6 a factor of 410?
False
Does 184 divide 32597?
False
Is 32 a factor of 704?
True
Is 4050 a multiple of 9?
True
Does 336 divide 117246?
False
Does 42 divide 3282?
False
Is 537 a multiple of 70?
False
Is 2960 a multiple of 20?
True
Does 24 divide 5112?
True
Is 4 a factor of 264?
True
Does 15 divide 6090?
True
Is 6882 a multiple of 93?
True
Is 3 a factor of 38?
False
Does 80 divide 71040?
True
Does 3 divide 960?
True
Does 63 divide 2898?
True
Does 143 divide 10918?
False
Does 57 divide 31749?
True
Is 8 a factor of 539?
False
Does 16 divide 40960?
True
Is 73847 a multiple of 299?
False
Is 84 a factor of 840?
True
Does 12 divide 20394?
False
Is 26 a factor of 676?
True
Is 12786 a multiple of 44?
False
Is 4617 a multiple of 27?
True
Does 146 divide 24511?
False
Does 92 divide 39376?
True
Is 17963 a multiple of 23?
True
Is 67 a factor of 21367?
False
Does 15 divide 2935?
False
Is 15538 a multiple of 457?
True
Does 13 divide 14552?
False
Is 259 a multiple of 8?
False
Does 36 divide 6210?
False
Is 39 a factor of 1184?
False
Is 586 a multiple of 17?
False
I